{"id":40,"date":"2020-03-24T11:52:34","date_gmt":"2020-03-24T10:52:34","guid":{"rendered":"http:\/\/ardiphotographies.fr\/?page_id=40"},"modified":"2025-09-16T15:03:50","modified_gmt":"2025-09-16T13:03:50","slug":"contact","status":"publish","type":"page","link":"https:\/\/ardiphotographies.fr\/?page_id=40","title":{"rendered":"Contact"},"content":{"rendered":"\n<p>Ardi &#8211; Photographies en Normandie<br>Le Ch\u00e2teau 14 000 Caen<br>02 31 50 04 56<br><a href=\"mailto:ardiphot@orange.fr\">ardiphot(at)orange.fr<\/a><\/p>\n\n\n\n<p><a href=\"https:\/\/www.google.com\/maps\/place\/Ch\u00e2teau+de+Caen\/@49.1863081,-0.3655829,15.96z\/data=!4m14!1m7!3m6!1s0x480a42bc1967abd3:0xc75230031163f3b1!2sCh\u00e2teau+de+Caen!8m2!3d49.186585!4d-0.3632897!16s%2Fm%2F0287xpy!3m5!1s0x480a42bc1967abd3:0xc75230031163f3b1!8m2!3d49.186585!4d-0.3632897!16s%2Fm%2F0287xpy?entry=ttu&amp;g_ep=EgoyMDI1MDkxMC4wIKXMDSoASAFQAw%3D%3D\" target=\"_blank\" rel=\"noreferrer noopener\">Pour nous trouver<strong> <\/strong><\/a><\/p>\n\n\n\n<p class=\"has-small-font-size\"><strong>\u00c9QUIPE<\/strong><\/p>\n\n\n\n<p>C\u00e9line Ernaelsteen, charg\u00e9e de coordination et de projets<br>Carole Geldof, documentaliste<br><br>Gilles Boussard, pr\u00e9sident<br>Catherine Blondel, tr\u00e9sori\u00e8re<br>Marc Damville, Maylis Sangar\u00e9, secr\u00e9taires<\/p>\n\n\n\n<p><\/p>\n","protected":false},"excerpt":{"rendered":"<p>Ardi &#8211; Photographies en NormandieLe Ch\u00e2teau 14 000 Caen02 31 50 04 56ardiphot(at)orange.fr Pour nous trouver \u00c9QUIPE C\u00e9line Ernaelsteen, charg\u00e9e de coordination et de projetsCarole Geldof, documentaliste Gilles Boussard, pr\u00e9sidentCatherine Blondel, tr\u00e9sori\u00e8reMarc Damville, Maylis Sangar\u00e9, secr\u00e9taires<\/p>\n","protected":false},"author":1,"featured_media":0,"parent":0,"menu_order":0,"comment_status":"closed","ping_status":"closed","template":"","meta":[],"_links":{"self":[{"href":"https:\/\/ardiphotographies.fr\/index.php?rest_route=\/wp\/v2\/pages\/40"}],"collection":[{"href":"https:\/\/ardiphotographies.fr\/index.php?rest_route=\/wp\/v2\/pages"}],"about":[{"href":"https:\/\/ardiphotographies.fr\/index.php?rest_route=\/wp\/v2\/types\/page"}],"author":[{"embeddable":true,"href":"https:\/\/ardiphotographies.fr\/index.php?rest_route=\/wp\/v2\/users\/1"}],"replies":[{"embeddable":true,"href":"https:\/\/ardiphotographies.fr\/index.php?rest_route=%2Fwp%2Fv2%2Fcomments&post=40"}],"version-history":[{"count":23,"href":"https:\/\/ardiphotographies.fr\/index.php?rest_route=\/wp\/v2\/pages\/40\/revisions"}],"predecessor-version":[{"id":1661,"href":"https:\/\/ardiphotographies.fr\/index.php?rest_route=\/wp\/v2\/pages\/40\/revisions\/1661"}],"wp:attachment":[{"href":"https:\/\/ardiphotographies.fr\/index.php?rest_route=%2Fwp%2Fv2%2Fmedia&parent=40"}],"curies":[{"name":"wp","href":"https:\/\/api.w.org\/{rel}","templated":true}]}}

<p>Ardi &#8211; Photographies en Normandie<br>Le Château 14 000 Caen<br>02 31 50 04 56<br><a href="mailto:ardiphot@orange.fr">ardiphot(at)orange.fr</a></p>



<p><a href="https://www.google.com/maps/place/Château+de+Caen/@49.1863081,-0.3655829,15.96z/data=!4m14!1m7!3m6!1s0x480a42bc1967abd3:0xc75230031163f3b1!2sChâteau+de+Caen!8m2!3d49.186585!4d-0.3632897!16s%2Fm%2F0287xpy!3m5!1s0x480a42bc1967abd3:0xc75230031163f3b1!8m2!3d49.186585!4d-0.3632897!16s%2Fm%2F0287xpy?entry=ttu&amp;g_ep=EgoyMDI1MDkxMC4wIKXMDSoASAFQAw%3D%3D" target="_blank" rel="noreferrer noopener">Pour nous trouver<strong> </strong></a></p>



<p class="has-small-font-size"><strong>ÉQUIPE</strong></p>



<p>Céline Ernaelsteen, chargée de coordination et de projets<br>Carole Geldof, documentaliste<br><br>Gilles Boussard, président<br>Catherine Blondel, trésorière<br>Marc Damville, Maylis Sangaré, secrétaires</p>



<p></p>

<p>Ardi &#8211; Photographies en NormandieLe Château 14 000 Caen02 31 50 04 56ardiphot(at)orange.fr Pour nous trouver ÉQUIPE Céline Ernaelsteen, chargée de coordination et de projetsCarole Geldof, documentaliste Gilles Boussard, présidentCatherine Blondel, trésorièreMarc Damville, Maylis Sangaré, secrétaires</p>
