{"id":264,"date":"2020-03-27T11:30:36","date_gmt":"2020-03-27T10:30:36","guid":{"rendered":"http:\/\/ardiphotographies.fr\/?page_id=264"},"modified":"2020-04-09T18:00:36","modified_gmt":"2020-04-09T16:00:36","slug":"commandes-photographiques","status":"publish","type":"page","link":"https:\/\/ardiphotographies.fr\/?page_id=264","title":{"rendered":"Commandes"},"content":{"rendered":"\n<p class=\"has-drop-cap\">La commande photographique est un acte fort d&rsquo;engagement et de soutien \u00e0  l&rsquo;art photographique que collectionneurs, institutions publiques, et m\u00e9c\u00e8nes ont r\u00e9guli\u00e8rement renouvel\u00e9 tout au long de l&rsquo;histoire du m\u00e9dium. L&rsquo;ardi a souhait\u00e9 s&rsquo;inscrire dans cette lign\u00e9e en passant commande \u00e0 des artistes photographes  sur des sujets en lien avec les th\u00e9matiques de la collection afin de tisser des liens entre le patrimoine et la cr\u00e9ation. <\/p>\n\n\n\n<p>Deux commandes ont eu lieu  : <br><a href=\"http:\/\/ardiphotographies.fr\/?p=368\u200e(ouvre un nouvel onglet)\">C\u00e9line Clanet, Acc\u00e8s R\u00e9serv\u00e9<br><\/a><a href=\"http:\/\/ardiphotographies.fr\/?p=381\u200e(ouvre un nouvel onglet)\">Adrien Boyer, Proposition caennaise, 2017-2018<\/a><\/p>\n\n\n\n<p>Pour c\u00e9l\u00e9brer ses trente ann\u00e9es, l&rsquo;Ardi a souhait\u00e9 passer <a href=\"http:\/\/ardiphotographies.fr\/?p=737\">une commande litt\u00e9raire  \u00e0 Belinda Cannone.<\/a><br><\/p>\n\n\n\n<p><\/p>\n","protected":false},"excerpt":{"rendered":"<p>La commande photographique est un acte fort d&rsquo;engagement et de soutien \u00e0 l&rsquo;art photographique que collectionneurs, institutions publiques, et m\u00e9c\u00e8nes ont r\u00e9guli\u00e8rement renouvel\u00e9 tout au long de l&rsquo;histoire du m\u00e9dium. L&rsquo;ardi a souhait\u00e9 s&rsquo;inscrire dans cette lign\u00e9e en passant commande \u00e0 des artistes photographes sur des sujets en lien avec les th\u00e9matiques de la collection &hellip; <\/p>\n<p class=\"link-more\"><a href=\"https:\/\/ardiphotographies.fr\/?page_id=264\" class=\"more-link\">Continuer la lecture<span class=\"screen-reader-text\"> de &laquo;&nbsp;Commandes&nbsp;&raquo;<\/span><\/a><\/p>\n","protected":false},"author":1,"featured_media":0,"parent":0,"menu_order":0,"comment_status":"closed","ping_status":"closed","template":"","meta":[],"_links":{"self":[{"href":"https:\/\/ardiphotographies.fr\/index.php?rest_route=\/wp\/v2\/pages\/264"}],"collection":[{"href":"https:\/\/ardiphotographies.fr\/index.php?rest_route=\/wp\/v2\/pages"}],"about":[{"href":"https:\/\/ardiphotographies.fr\/index.php?rest_route=\/wp\/v2\/types\/page"}],"author":[{"embeddable":true,"href":"https:\/\/ardiphotographies.fr\/index.php?rest_route=\/wp\/v2\/users\/1"}],"replies":[{"embeddable":true,"href":"https:\/\/ardiphotographies.fr\/index.php?rest_route=%2Fwp%2Fv2%2Fcomments&post=264"}],"version-history":[{"count":8,"href":"https:\/\/ardiphotographies.fr\/index.php?rest_route=\/wp\/v2\/pages\/264\/revisions"}],"predecessor-version":[{"id":747,"href":"https:\/\/ardiphotographies.fr\/index.php?rest_route=\/wp\/v2\/pages\/264\/revisions\/747"}],"wp:attachment":[{"href":"https:\/\/ardiphotographies.fr\/index.php?rest_route=%2Fwp%2Fv2%2Fmedia&parent=264"}],"curies":[{"name":"wp","href":"https:\/\/api.w.org\/{rel}","templated":true}]}}

<p class="has-drop-cap">La commande photographique est un acte fort d&rsquo;engagement et de soutien à  l&rsquo;art photographique que collectionneurs, institutions publiques, et mécènes ont régulièrement renouvelé tout au long de l&rsquo;histoire du médium. L&rsquo;ardi a souhaité s&rsquo;inscrire dans cette lignée en passant commande à des artistes photographes  sur des sujets en lien avec les thématiques de la collection afin de tisser des liens entre le patrimoine et la création. </p>



<p>Deux commandes ont eu lieu  : <br><a href="http://ardiphotographies.fr/?p=368‎(ouvre un nouvel onglet)">Céline Clanet, Accès Réservé<br></a><a href="http://ardiphotographies.fr/?p=381‎(ouvre un nouvel onglet)">Adrien Boyer, Proposition caennaise, 2017-2018</a></p>



<p>Pour célébrer ses trente années, l&rsquo;Ardi a souhaité passer <a href="http://ardiphotographies.fr/?p=737">une commande littéraire  à Belinda Cannone.</a><br></p>



<p></p>

<p>La commande photographique est un acte fort d&rsquo;engagement et de soutien à l&rsquo;art photographique que collectionneurs, institutions publiques, et mécènes ont régulièrement renouvelé tout au long de l&rsquo;histoire du médium. L&rsquo;ardi a souhaité s&rsquo;inscrire dans cette lignée en passant commande à des artistes photographes sur des sujets en lien avec les thématiques de la collection &hellip; </p>
<p class="link-more"><a href="https://ardiphotographies.fr/?page_id=264" class="more-link">Continuer la lecture<span class="screen-reader-text"> de &laquo;&nbsp;Commandes&nbsp;&raquo;</span></a></p>
